= -4*v - 5*y + 440, 7*v - 2*v = -y + 571. What is the highest common factor of 15 and v?
5
Let d be (-76)/(-228)*(1 - -8). Let t(k) = -47*k**3 + 2*k**2 + 2*k + 1. Let n be t(-1). Calculate the greatest common divisor of n and d.
3
Let t = -3916 - -5696. Calculate the highest common divisor of 10 and t.
10
Suppose -34*q - 10 = -35*q. Suppose 10 - 110 = -5*g. What is the greatest common divisor of q and g?
10
Let h be 4/(-10) - (-1932)/(-70). Let t be 173 + (-7)/(h/12). What is the highest common divisor of 44 and t?
44
Let b be 4/14 + (-150)/(-14). Suppose 5*d - 6*d + 5 = 0. Suppose k - d*u - 10 = 98, 4*k = -3*u + 340. Calculate the greatest common factor of b and k.
11
Let x(j) = j**3 + 4*j**2 - 18*j + 22. Let w be x(-7). Calculate the highest common divisor of w and 71.
1
Let g be (24/(-15))/(17/((-3060)/8)). Let n = 18 - 9. What is the highest common factor of g and n?
9
Let f(y) = 6*y - 3. Suppose p = -v - 2*p - 1, 4*p = -5*v + 28. Suppose t + v = 5*t. Let j be f(t). Calculate the highest common factor of 18 and j.
9
Let a be ((-12)/(-16))/(1/4). Let j be (1 - -1) + (63 - 4). Suppose -145 + j = -a*z. Calculate the highest common divisor of 14 and z.
14
Let v = 6181 + -6174. Suppose -b + t + 4*t - 8 = 0, -3*b + 27 = 2*t. Calculate the greatest common divisor of b and v.
7
Let r(o) = -29*o. Suppose 0 = 3*z - 15, 5*z = 2*h + h + 28. Let x be r(h). What is the highest common factor of 232 and x?
29
Let y be 80/14 + (-90)/(-21) + -4. Let v(f) = -2*f - 21. Let t be v(-15). What is the greatest common factor of y and t?
3
Suppose -2*l - 3*f = -113, -4*l - f = 2*f - 217. Let q(x) = -13*x - 13*x + 1 + 7*x - 6*x. Let m be q(-1). Calculate the highest common divisor of l and m.
26
Let n(r) = -2*r + 10. Let w be n(5). Suppose w = u + 8*u - 81. Calculate the greatest common factor of 15 and u.
3
Suppose -4*a - 14 + 2 = 0. Let n be (a - -165)*(-5)/(-5). What is the greatest common factor of n and 18?
18
Suppose 9 + 63 = 8*g. Calculate the greatest common divisor of 18 and g.
9
Let l(d) = 4*d**2 - 71*d - 111. Let i be l(26). What is the highest common factor of 27 and i?
9
Let z(m) = m + 25. Suppose 3*u - 3 = 6, -4*i = -u - 41. Let f be z(i). Calculate the highest common factor of 9 and f.
9
Let b be 621/108 - 3/4. Calculate the greatest common factor of b and 5.
5
Suppose -3*k + 162 = 4*n, 47 - 3 = n - k. Let u(q) = 7*q - 57. Let j be u(9). What is the highest common factor of n and j?
6
Let c be (-100*(-10)/3)/(263/789). Calculate the greatest common divisor of c and 125.
125
Let f(b) = b**2 + 18*b - 279. Let y be f(-29). Calculate the greatest common divisor of y and 160.
40
Let s(f) = 0*f**2 + f**2 - 8*f**2 + 6*f**2 - 9*f. Let i be s(-8). Let x(v) = 3*v + 2. Let z be x(i). What is the highest common factor of z and 13?
13
Let f be (-2)/12 + (-170)/(-12). Let l = -576 - -578. What is the highest common divisor of f and l?
2
Suppose 5*j - 41 = 4. Let h be 24/108 + 2374/j. Calculate the highest common divisor of h and 24.
24
Let v be ((-14)/(-8))/((-89)/(-2848)). What is the greatest common factor of 8 and v?
8
Let y = 19 + -3. Suppose -2 = b - y. Let n = 26 + b. Calculate the highest common factor of 5 and n.
5
Suppose -p + 14 = p. Let x = -237 + 275. Let t = x + p. What is the highest common divisor of t and 5?
5
Let s(r) = 10*r**2 + 3*r - 2. Let w be s(2). Let b(n) = -15*n + 6. Let h be b(-4). What is the greatest common divisor of w and h?
22
Let r = 14 - 13. Suppose -5*k + 21 = r. Let h be (-7*1)/(k/(-12)). Calculate the greatest common divisor of h and 84.
21
Suppose -i - i + 63 = -3*z, 4*z + 84 = 2*i. Let f be 3/7 - 243/z. What is the highest common factor of 30 and f?
6
Let g be -1 - (23/(-5) + 12/20). Suppose -3*l - z + 15 = -22, -g*l + 40 = 4*z. Calculate the greatest common divisor of l and 84.
12
Let w(t) = t**3 + 5*t**2 + 2*t + 1. Suppose 3 = -j - 0. Let n be w(j). Let h = 15 - n. Calculate the greatest common divisor of h and 6.
2
Let q(m) = -m**3 - 3*m**2 + 5*m - 1. Let d be q(-5). Suppose -94 = -5*z - d. Calculate the highest common factor of z and 56.
14
Let s = -6 - 6. Let d be ((-4)/6)/(s/270). What is the highest common divisor of 5 and d?
5
Let v = -339 + 344. Suppose j - 4*h = 10, 5*h + 9 = j - 6. Let x be (1 - 6/4)*j. What is the greatest common factor of x and v?
5
Let o(g) = -g**2 + 11*g - 13. Let y be o(10). Let h be 3 - (-4 - y)*12. Let b be (-3 - -1)*h/(-2). What is the highest common divisor of b and 3?
3
Let g(r) = 3 - 5*r + 6*r + 2*r - 4*r. Let x be g(-10). Calculate the highest common divisor of x and 143.
13
Let p(a) = -2*a - 3. Suppose -10 = -27*u + 29*u. Let j be p(u). What is the highest common factor of j and 77?
7
Let m be 6580/10*(-42)/(-49). Calculate the highest common divisor of m and 4.
4
Let f = 2139 - 2085. Calculate the highest common divisor of f and 783.
27
Let o(b) = 7*b - 1. Let i be o(2). Let x = 20 - i. Let g(h) = -h + 13. Let q be g(x). Calculate the highest common factor of q and 6.
6
Let b be 4/((-32)/(-8))*(0 - -6). Calculate the highest common factor of 24 and b.
6
Let i be 3948/16 - 3/4. Suppose 3*h + 2*d - i = 0, 5*h - 418 = 5*d - 33. Suppose 4*m - h - 104 = 0. What is the highest common factor of m and 23?
23
Let s(l) = -l. Let r(p) = -3*p + 5. Let f(c) = r(c) - 4*s(c). Let h be f(7). What is the greatest common divisor of 132 and h?
12
Suppose -4*b = -19 - 1. Suppose d - b*d + 44 = 0. Suppose -498 = -5*y - 3*n, 7*n - 203 = -2*y + 2*n. What is the greatest common factor of y and d?
11
Suppose 3*a - q + 5 - 19 = 0, -q = -4*a + 18. What is the greatest common divisor of a and 68?
4
Suppose 5*o + 2580 = 650. Let w = -221 - o. Suppose 4*u - 9*u = -w. Calculate the highest common factor of u and 11.
11
Let s(k) = -k**3 + 6*k**2 - k - 4. Let c be s(4). Let u = 38 + c. Let i be -4 + 3 - u/(-2). What is the highest common factor of 6 and i?
6
Let j be (0 + -1)/((-2)/8). Suppose 6*f - j*f = 432. What is the highest common factor of f and 24?
24
Let x = -25 + 50. Suppose 0 = -2*m - 97 + x. Let w be (0 - 1)/(3/m). Calculate the greatest common factor of 8 and w.
4
Let f be ((-4)/12)/(3/(-108)). Let m = 12 + -8. Suppose 20 = m*c - f. What is the greatest common factor of 64 and c?
8
Let y be (-16)/24 + (-2398)/(-6). Suppose 3*p = -4*w + y, -4*p - 4 = -8*p. Calculate the greatest common factor of 11 and w.
11
Suppose -4*z + 2*z + 4 = 2*m, -6 = -2*m. Let r be 0 - z/(2/88). Suppose 2*t - 55 = -3*t. What is the greatest common factor of r and t?
11
Let b be (-80182)/(-47) + 3 + 1. What is the highest common factor of 90 and b?
90
Let i = 40 - 40. Suppose i = -c - 2*c + 120. Calculate the highest common divisor of 20 and c.
20
Let r(q) = 3*q**3 + 3*q**2 + 3*q + 3. Let x be r(3). Suppose -5*b + 0*b + 315 = 0. Suppose -5*n - 3 + b = 0. Calculate the highest common factor of x and n.
12
Suppose 5*g = 86 + 179. What is the highest common factor of g and 106?
53
Suppose -5*l + 0*q - q + 1587 = 0, -3*l + 2*q = -960. Calculate the highest common factor of 6 and l.
6
Let a = -7 + 11. Suppose -d + 5 = -j, 21 = 3*d + 2*d - a*j. Suppose 0 = 12*v - 36 - 72. What is the highest common divisor of d and v?
1
Let o = -15 - -10. Let s = 17 + o. What is the greatest common divisor of s and 24?
12
Let j be 28/2 - (3 - 4). Let w(c) = -c**2 + 15*c + 6. Let d be w(j). Let k be (-3)/(-2)*(14 + -2). Calculate the greatest common factor of d and k.
6
Suppose -23*a + 39*a = 128. Calculate the greatest common factor of a and 224.
8
Let g be ((-80)/(-15))/((-1466)/294 - -5). Calculate the greatest common divisor of g and 28.
28
Let k(r) = -23*r**2 + 2*r - 13. Let f be k(3). Let g = -134 - f. What is the greatest common factor of 20 and g?
20
Suppose 0 = d + 2 - 6. Suppose -l + 5 = d*l. Suppose 0 = 26*o - 119 - 167. Calculate the greatest common factor of l and o.
1
Let z(x) = 47*x - 125. Let p be z(16). Calculate the highest common divisor of p and 19.
19
Let r be 1/2*0 - -2. Let g be (-1 - 0)/(1/r). Let z be 97/2 + g/4. Calculate the highest common divisor of 72 and z.
24
Let f be (5/(-5))/((-1)/8). Let b(i) = -26*i + 4. Let s be b(-2). Calculate the highest common divisor of s and f.
8
Suppose -595 = -5*s + y + 243, 2*s - 2*y = 332. What is the greatest common divisor of 616 and s?
56
Let i be (-1)/(32/11 + -3). Suppose 2*z = -3*q +